t is -943 (base 14) in base 15?
-818
Convert -2102 (base 3) to base 12.
-55
Convert 2323120 (base 4) to base 9.
17404
What is 136 (base 13) in base 4?
3112
What is 2000102 (base 3) in base 8?
2675
What is 21a (base 13) in base 12?
261
Convert -655 (base 8) to base 9.
-526
483 (base 9) to base 5
3044
Convert -855 (base 14) to base 6.
-11335
Convert 17403 (base 14) to base 9.
88111
-a32 (base 14) to base 12
-11b0
Convert 13224 (base 5) to base 15.
4ae
157 (base 8) to base 5
421
Convert 200424 (base 5) to base 8.
14334
-42cb (base 14) to base 15
-364c
Convert 5c61 (base 16) to base 10.
23649
What is 110001101010011 (base 2) in base 8?
61523
Convert d4 (base 15) to base 12.
147
What is 10524 (base 6) in base 7?
4231
Convert 424 (base 13) to base 2.
1011000010
What is -4233 (base 8) in base 2?
-100010011011
Convert 4633 (base 7) to base 4.
122122
Convert 31231 (base 4) to base 16.
36d
What is 169 (base 14) in base 3?
101201
What is 708 (base 11) in base 5?
11410
What is 128 (base 12) in base 4?
2300
14830 (base 11) to base 12
10172
Convert -100010010010 (base 2) to base 13.
-cca
Convert 1000000110 (base 2) to base 4.
20012
Convert 5435 (base 6) to base 9.
1635
What is 127 (base 14) in base 10?
231
Convert 1210 (base 3) to base 16.
30
Convert -28a (base 16) to base 8.
-1212
Convert -224241 (base 5) to base 14.
-2d27
Convert 1431 (base 5) to base 15.
111
Convert 10111011 (base 2) to base 10.
187
-214134 (base 5) to base 3
-101011210
Convert -2122211 (base 3) to base 12.
-1157
Convert 13b4 (base 13) to base 6.
21111
What is -1472 (base 11) in base 3?
-2121011
Convert 65c0 (base 14) to base 12.
a238
What is 30524 (base 6) in base 14?
16ba
What is -10001001101000 (base 2) in base 12?
-5120
What is 30501 (base 7) in base 14?
2a01
Convert 10000011001000111 (base 2) to base 16.
10647
What is -6374 (base 11) in base 13?
-3ab6
What is -11157 (base 8) in base 5?
-122334
What is 710 (base 14) in base 16?
56a
What is 213 (base 13) in base 8?
542
1b2 (base 13) to base 3
102122
What is -3641 (base 13) in base 11?
-5832
3577 (base 14) to base 4
2101211
What is 10412 (base 5) in base 14?
3a4
5534 (base 9) to base 5
112311
What is -194 (base 11) in base 10?
-224
Convert 1220102 (base 3) to base 13.
82a
Convert -134043 (base 5) to base 9.
-7516
Convert -31c7 (base 13) to base 12.
-400b
What is -544 (base 9) in base 5?
-3240
What is 100111100 (base 2) in base 8?
474
-30 (base 14) to base 3
-1120
-2000 (base 4) to base 15
-88
Convert 11112112 (base 3) to base 16.
cec
Convert -11324 (base 7) to base 12.
-1825
2ba (base 12) to base 5
3210
Convert -3726 (base 13) to base 7.
-31521
-352 (base 13) to base 7
-1450
100050 (base 7) to base 4
10013022
What is -6a67 (base 11) in base 15?
-2b2e
8058 (base 11) to base 2
10100111010111
Convert -322 (base 10) to base 8.
-502
Convert -a316 (base 16) to base 3.
-2010021022
What is -101111100 (base 2) in base 11?
-316
What is -101212210 (base 3) in base 5?
-223212
Convert 50751 (base 8) to base 2.
101000111101001
Convert -41ba (base 16) to base 5.
-1014301
What is 22113 (base 6) in base 16?
bfd
Convert -2433 (base 12) to base 15.
-1316
Convert 254341 (base 6) to base 14.
856d
Convert 222111 (base 3) to base 15.
32a
What is 2b35b (base 12) in base 10?
60983
What is 549f (base 16) in base 7?
120105
What is 10101 (base 4) in base 7?
540
What is b5 (base 15) in base 3?
20022
What is -22342 (base 7) in base 10?
-5665
What is 12321 (base 7) in base 13?
162c
What is -124346 (base 8) in base 3?
-2012022102
2320321 (base 4) to base 11
8988
Convert 131626 (base 8) to base 2.
1011001110010110
-3441132 (base 5) to base 16
-f25a
What is -993 (base 13) in base 12?
-b49
Convert 1287 (base 12) to base 13.
c70
What is -45fb (base 16) in base 12?
-a44b
-356 (base 15) to base 3
-1001000
Convert 216 (base 12) to base 4.
10302
30230 (base 4) to base 11
679
Convert 248a (base 12) to base 5.
113023
Convert -430255 (base 6) to base 8.
-104433
-1120 (base 6) to base 7
-525
Convert c0b (base 13) to base 12.
121b
Convert 12b (base 15) to base 5.
2031
Convert 11070 (base 9) to base 6.
54013
Convert 62032 (base 7) to base 3.
202201211
13343 (base 7) to base 16
e18
What is -23021302 (base 4) in base 11?
-3135a
Convert -10184 (base 15) to base 6.
-1031554
What is -105 (base 12) in base 6?
-405
1110101001 (base 2) to base 9
1251
What is -1010100100 (base 2) in base 3?
-221001
What is -1751 (base 9) in base 8?
-2476
What is 120440 (base 5) in base 2?
1000110001111
What is 32c (base 16) in base 14?
420
Convert -15371 (base 11) to base 6.
-244345
What is 32021 (base 6) in base 13?
1c84
What is -62 (base 10) in base 2?
-111110
-155a (base 11) to base 10
-2001
What is 5b4 (base 12) in base 9?
1151
Convert -2330102 (base 4) to base 8.
-27422
6c50 (base 13) to base 10
15275
cf (base 16) to base 6
543
13da (base 15) to base 11
3219
Convert -9104 (base 12) to base 13.
-71b9
-54 (base 13) to base 5
-234
What is 392 (base 12) in base 11?
453
What is -231 (base 12) in base 10?
-325
Convert -1438 (base 9) to base 5.
-13323
What is 6542 (base 8) in base 3?
11200220
-323231 (base 5) to base 11
-8350
Convert 11 (base 2) to base 15.
3
-1773 (base 10) to base 6
-12113
Convert 123450 (base 6) to base 12.
6586
-448 (base 13) to base 7
-2101
-132221 (base 5) to base 2
-1010010111111
What is f7a (base 16) in base 8?
7572
What is 727 (base 8) in base 10?
471
-867 (base 14) to base 3
-2021110
Convert -1102101 (base 4) to base 10.
-5265
Convert -120324 (base 8) to base 14.
-1100c
What is -555 (base 6) in base 11?
-186
What is -2541 (base 14) in base 15?
-1e00
-12612 (base 10) to base 7
-51525
What is -20786 (base 10) in base 11?
-14687
-87db (base 16) to base 14
-c963
Convert 485b (base 12) to base 7.
32501
-8c0 (base 13) to base 15
-6a8
Convert -85 (base 16) to base 3.
-11221
Convert 452 (base 10) to base 9.
552
-1418 (base 9) to base 12
-752
What is -31aa2 (base 12) in base 4?
-33333122
What is -23070 (base 9) in base 3?
-210002100
What is 11812 (base 10) in base 2?
10111000100100
-160e (base 15) to base 5
-122424
-12434 (base 15) to base 4
-32033110
Convert -17671 (base 14) to base 6.
-1132403
-15100 (base 6) to base 3
-10022100
What is 64515 (base 7) in base 15?
4b40
1430124 (base 6) to base 10
81700
-20003 (base 4) to base 14
-28b
5129 (base 10) to base 3
21000222
What is -5b5 (base 12) in base 2?
-1101011001
Convert -7845 (base 9) to base 13.
-2837
2332 (base 6) to base 13
341
What is 32b5 (base 12) in base 16?
15e9
8b3 (base 13) to base 6
10534
Convert 10110100112 (base 3) to base 8.
204726
-112133 (base 4) to base 10
-1439
Convert 60 (base 14) to base 4.
1110
Convert -234300 (base 5) to base 9.
-12836
-4003 (base 15) to base 5
-413003
What is -111011001101 (base 2) in base 3?
-12012100
11231231 (base 4) to base 2
101101101101101
What is -1303322 (base 4) in base 7?
-30425
Convert 12121001 (base 3) to base 7.
14614
Convert -590a (base 11) to base 2.
-1111001001010
1200011 (base 3) to base 8
2303
-22210 (base 6) to base 15
-dbc
Convert 17460 (base 9) to base 7.
50052
Convert -130013 (base 4) to base 15.
-7ee
What is 122023 (base 4) in base 16?
68b
Convert 112210110 (base 3) to base 10.
10785
Convert -10e (base 16) to base 2.
-100001110
What is 34e (base 15) in base 13?
458
-225 (base 10) to base 11
-195
12230320 (base 4) to base 12
13a74
What is 153155 (base 7) in base 10?
29930
-1146 (base 11) to base 5
-22002
Convert 245 (base 12) to base 8.
525
Convert -4447 (base 9) to base 5.
-101113
-2419 (base 13) to base 6
-35324
13b (base 15) to base 6
1145
What is 921 (base 10) in base 8?
1631
Convert 22102023 (base 4) to base 5.
2321443
8851 (base 12) to base 8
35275
What is 205524 (base 7) in base 2?
1000101100001000
What is -14147 (base 9) in base 7?
-36664
-3123 (base 5) to base 4
-12131
215 (base 15) to base 14
258
1be (base 16) to base 12
312
What is 22710 (base 9) in base 6?
154100
Convert 66 (base 9) to base 13.
48
What is -406 (base 12) in base 13?
-35a
Convert 54567 (base 9) to base 11.
25208
Convert 3a19 (base 12) to base 4.
1213311
Convert -14536 (base 10) to base 5.
-431121
Convert -43 (base 13) to base 3.
-2001
137414 (base 8) to base 10
48908
-11000111000 (base 2) to base 9
-2158
504 (base 13) to base 15
3b9
Convert -232 (base 13) to base 3.
-112001
What is 34552 (base 6) 